 7415 a multiple of 22?
False
Is 8727 a multiple of 42?
False
Is 197 a multiple of 30?
False
Does 85 divide 510?
True
Is 10265 a multiple of 13?
False
Does 11 divide 2386?
False
Does 39 divide 1682?
False
Does 8 divide 204?
False
Is 11008 a multiple of 8?
True
Does 15 divide 810?
True
Is 14 a factor of 5834?
False
Does 76 divide 1015?
False
Is 43 a factor of 2666?
True
Is 19 a factor of 841?
False
Is 2106 a multiple of 27?
True
Is 79 a factor of 5451?
True
Is 4 a factor of 21620?
True
Is 68 a factor of 71604?
True
Does 48 divide 480?
True
Is 2576 a multiple of 100?
False
Is 62511 a multiple of 64?
False
Is 2404 a multiple of 76?
False
Does 10 divide 6520?
True
Is 10 a factor of 95280?
True
Does 194 divide 13192?
True
Is 12 a factor of 10992?
True
Is 3718 a multiple of 25?
False
Does 59 divide 27199?
True
Is 38 a factor of 24434?
True
Is 20 a factor of 34760?
True
Is 1068 a multiple of 18?
False
Does 54 divide 972?
True
Does 15 divide 1970?
False
Is 10 a factor of 4154?
False
Is 40 a factor of 111094?
False
Is 20480 a multiple of 160?
True
Does 22 divide 4618?
False
Is 3525 a multiple of 56?
False
Is 121 a factor of 9196?
True
Does 70 divide 1610?
True
Does 5 divide 1413?
False
Is 1156 a multiple of 23?
False
Does 8 divide 55031?
False
Is 70 a factor of 210?
True
Does 296 divide 62160?
True
Is 3 a factor of 5974?
False
Does 5 divide 19425?
True
Is 42 a factor of 993?
False
Is 8912 a multiple of 45?
False
Does 83 divide 1079?
True
Does 22 divide 428?
False
Does 93 divide 9021?
True
Does 14 divide 7242?
False
Is 38220 a multiple of 70?
True
Is 602 a multiple of 43?
True
Is 18443 a multiple of 14?
False
Does 12 divide 2219?
False
Is 60 a factor of 22680?
True
Is 37 a factor of 1119?
False
Is 11 a factor of 6941?
True
Does 10 divide 239?
False
Does 61 divide 2096?
False
Is 333 a multiple of 17?
False
Is 8160 a multiple of 8?
True
Does 59 divide 28650?
False
Is 14 a factor of 882?
True
Does 5 divide 1040?
True
Is 8 a factor of 1051?
False
Does 33 divide 2319?
False
Is 339 a multiple of 11?
False
Is 1857 a multiple of 12?
False
Is 11 a factor of 1066?
False
Is 271 a factor of 18115?
False
Does 13 divide 449?
False
Is 144 a factor of 17424?
True
Does 59 divide 2426?
False
Does 38 divide 41396?
False
Is 31 a factor of 266?
False
Is 41961 a multiple of 14?
False
Does 183 divide 30378?
True
Is 6 a factor of 17082?
True
Is 3834 a multiple of 29?
False
Does 55 divide 11605?
True
Is 962 a multiple of 13?
True
Is 79 a multiple of 3?
False
Does 85 divide 2550?
True
Is 26 a factor of 13597?
False
Does 91 divide 23900?
False
Does 22 divide 1028?
False
Is 2530 a multiple of 15?
False
Is 2 a factor of 88?
True
Is 1032 a multiple of 24?
True
Is 11 a factor of 11192?
False
Does 10 divide 1386?
False
Is 109 a factor of 84399?
False
Does 25 divide 800?
True
Is 47222 a multiple of 11?
False
Does 24 divide 807?
False
Is 15 a factor of 207?
False
Does 76 divide 3045?
False
Is 6 a factor of 3666?
True
Is 43 a factor of 7237?
False
Is 190 a multiple of 68?
False
Is 25764 a multiple of 190?
False
Is 1584 a multiple of 49?
False
Is 82 a factor of 6478?
True
Does 37 divide 740?
True
Is 11 a factor of 642?
False
Is 134 a factor of 99611?
False
Is 2667 a multiple of 21?
True
Does 16 divide 23366?
False
Does 71 divide 25489?
True
Is 10086 a multiple of 27?
False
Does 13 divide 3391?
False
Is 12762 a multiple of 6?
True
Is 748 a multiple of 3?
False
Is 9 a factor of 513?
True
Does 39 divide 2543?
False
Is 11050 a multiple of 9?
False
Is 86 a factor of 857?
False
Is 15216 a multiple of 3?
True
Does 20 divide 2860?
True
Does 21 divide 189?
True
Does 7 divide 112?
True
Does 20 divide 2395?
False
Is 27084 a multiple of 4?
True
Is 2595 a multiple of 5?
True
Is 77184 a multiple of 64?
True
Is 13222 a multiple of 19?
False
Is 3 a factor of 2936?
False
Is 33 a factor of 2257?
False
Does 12 divide 7511?
False
Does 14 divide 1941?
False
Does 18 divide 21580?
False
Does 133 divide 4123?
True
Is 5 a factor of 11347?
False
Does 3 divide 927?
True
Is 31 a factor of 1364?
True
Is 796 a multiple of 6?
False
Is 30 a factor of 1096?
False
Is 7 a factor of 3003?
True
Is 8 a factor of 48?
True
Does 9 divide 306?
True
Does 45 divide 2430?
True
Does 2 divide 974?
True
Is 17 a factor of 1241?
True
Is 3 a factor of 627?
True
Is 455 a multiple of 53?
False
Is 432 a multiple of 10?
False
Is 620 a multiple of 4?
True
Is 143 a multiple of 11?
True
Is 74 a factor of 28268?
True
Does 3 divide 38?
False
Does 5 divide 1780?
True
Does 221 divide 10829?
True
Is 6 a factor of 8415?
False
Does 192 divide 57122?
False
Is 669 a multiple of 52?
False
Is 4959 a multiple of 57?
True
Is 39 a factor of 1092?
True
Is 51788 a multiple of 44?
True
Does 53 divide 1015?
False
Is 776 a multiple of 8?
True
Is 3126 a multiple of 67?
False
Is 3863 a multiple of 15?
False
Is 1428 a multiple of 45?
False
Is 28453 a multiple of 52?
False
Does 41 divide 670?
False
Is 88 a factor of 1056?
True
Is 19 a factor of 285?
True
Is 308 a multiple of 28?
True
Is 12510 a multiple of 30?
True
Does 21 divide 759?
False
Is 174 a factor of 10266?
True
Does 88 divide 616?
True
Does 5 divide 45?
True
Is 139 a factor of 10008?
True
Is 21714 a multiple of 154?
True
Is 5147 a multiple of 9?
False
Is 2016 a multiple of 48?
True
Is 740 a multiple of 40?
False
Is 68 a multiple of 9?
False
Is 99 a factor of 17721?
True
Is 179 a factor of 1432?
True
Is 160 a multiple of 10?
True
Does 36 divide 7632?
True
Is 187 a multiple of 4?
False
Does 14 divide 5320?
True
Is 28 a multiple of 2?
True
Does 6 divide 17364?
True
Is 41 a factor of 54025?
False
Is 18 a factor of 10802?
False
Is 109 a factor of 5094?
False
Is 107 a factor of 6120?
False
Is 2 a factor of 44?
True
Is 6643 a multiple of 14?
False
Does 54 divide 3834?
True
Is 17406 a multiple of 17?
False
Does 20 divide 93?
False
Is 70 a factor of 1709?
False
Is 522 a multiple of 11?
False
Is 81 a factor of 3240?
True
Does 19 divide 1007?
True
Does 14 divide 18816?
True
Does 424 divide 127329?
False
Is 7 a factor of 34069?
True
Is 56 a factor of 15064?
True
Is 77 a factor of 30492?
True
Is 9 a factor of 12738?
False
Does 85 divide 15347?
False
Is 9508 a multiple of 4?
True
Does 58 divide 2572?
False
Is 10 a factor of 7869?
False
Is 354 a multiple of 118?
True
Does 14 divide 42?
True
Is 4 a factor of 13306?
False
Is 93 a factor of 7626?
True
Is 8429 a multiple of 2?
False
Does 31 divide 1243?
False
Is 14 a factor of 220?
False
Does 23 divide 6048?
False
Does 16 divide 16716?
False
Is 11 a factor of 81984?
False
Is 30 a factor of 31440?
True
Is 3 a factor of 34?
False
Is 14 a factor of 1764?
True
Does 80 divide 9520?
True
Is 20002 a multiple of 22?
False
Is 37808 a multiple of 278?
True
Is 67 a factor of 2744?
False
Is 101 a factor of 1616?
True
Does 10 divide 5159?
False
Does 368 divide 48233?
False
Is 11107 a multiple of 29?
True
Is 123848 a multiple of 32?
False
Does 102 divide 13770?
True
Does 5 divide 2350?
True
Is 60400 a multiple of 302?
True
Does 95 divide 14155?
True
Is 9720 a multiple of 12?
True
Is 20514 a multiple of 187?
False
Is 33 a factor of 34297?
False
Is 25 a factor of 1051?
False
Is 100 a multiple of 50?
True
Does 24 divide 1545?
False
Is 39 a factor of 7945?
False
Is 4 a factor of 2260?
True
Does 99 divide 6191?
False
Is 6 a factor of 1458?
True
Does 67 divide 8422?
False
Does 23 divide 147?
False
Is 9 a factor of 39654?
True
Does 2 divide 818?
True
Is 20 a factor of 132063?
False
Is 162 a multiple of 27?
True
Does 6 divide 1096?
False
Is 39 a factor of 1422?
False
Is 18 a factor of 198?
True
Is 69 a multiple of 5?
False
Is 1011 a multiple of 112?
False
Is 7261 a multiple of 4?
False
Is 11 a factor of 672?
False
Does 14 divide 702?
False
Is 88 a multiple of 11?
True
Does 3 divide 705?
True
Is 11 a factor of 33?
True
Is 4 a factor of 27180?
True
Is 225 a multiple of 4?
False
Is 28 a factor of 885?
False
Is 7 a factor of 744?
False
Does 45 divide 19454?
False
Does 6 divide 702?
True
Is 17 a factor of 2057?
True
Is 1162 a multiple of 8?
False
Is 3114 a multiple of 12?
False
Is 4363 a multiple of 7?
False
Is 106 a factor of 1802?
True
Does 20 divide 684?
False
Does 23 divide 6601?
True
Is 37 a factor of 2257?
True
Is 21 a factor of 62?
False
Does 33 divide 2112?
True
Is 3549 a multiple of 21?
Tr